 - 908. Determine z(-59).
567
Let i(c) = 28*c**3 - 131*c**2 - 29*c - 68. Determine i(5).
12
Let m(c) = -6*c**2 + 1337*c - 1333. What is m(1)?
-2
Let j(v) = -v**3 - 194*v**2 + 1463*v - 384. Determine j(7).
8
Let g(i) = 8*i**3 + 123*i**2 - 5*i - 36. Determine g(-15).
714
Let w(f) = -788*f - 54068. Determine w(-70).
1092
Let p(v) = -v**3 + 66*v**2 - 355*v - 339. What is p(60)?
-39
Let d(h) = 2233*h - 7409. Determine d(3).
-710
Let d(f) = 8*f**3 - 1040*f**2 + 3*f - 362. Give d(130).
28
Let g(k) = -4073*k + 464334. Determine g(114).
12
Let v(r) = -417*r**2 - 52959*r - 13. Determine v(-127).
-13
Let s(r) = 33*r + 3044. Give s(-60).
1064
Let p(a) = -130740*a - 915176. What is p(-7)?
4
Let q(b) = 2*b**3 + 12*b**2 - 39*b + 4. Determine q(0).
4
Let g(y) = -y**3 - 199*y**2 + 23058*y - 1306. Determine g(82).
6
Let z(l) = -2*l**3 - 6*l**2 + 1212*l + 284. Determine z(-26).
-132
Let w(b) = 368*b**2 + 6268*b + 25072. Give w(-4).
5888
Let q(j) = 2*j**2 + 3489*j - 1046865. Calculate q(261).
6
Let s(g) = -12250*g - 49026. Give s(-4).
-26
Let f(n) = -142*n**2 - 7780*n + 1666. Determine f(-55).
16
Let b(o) = -o**2 - 2581*o - 25714. Give b(-10).
-4
Let o(j) = -126*j**3 + 12*j**2 + 598*j + 1159. Give o(-2).
1019
Let o(b) = b**2 + b + 130. Give o(0).
130
Let l(x) = -136*x + 10473. Calculate l(77).
1
Let t(p) = 8*p**2 + 1770*p - 36522. Determine t(19).
-4
Let l(z) = 523266*z - 5755925. What is l(11)?
1
Let f(i) = 1752*i - 100137. What is f(57)?
-273
Let z(a) = -2*a**3 + 210*a**2 - 1546*a - 614. Give z(97).
-32
Let k(o) = 484*o + 3379. Give k(-7).
-9
Let f(o) = -o**2 + 4379*o + 48289. Calculate f(-11).
-1
Let b(h) = -521*h - 3962. What is b(-6)?
-836
Let h(y) = -372*y + 2088. Give h(8).
-888
Let f(m) = m**3 - 98*m**2 - 11*m - 18. Determine f(0).
-18
Let f(z) = -59509*z + 595077. Determine f(10).
-13
Let d(k) = -k**3 + 16*k**2 + 137581*k - 1511. Calculate d(379).
5
Let s(b) = 49127*b - 393009. Calculate s(8).
7
Let j(m) = 20377*m + 101916. Calculate j(-5).
31
Let h(v) = v**3 + 95*v**2 - 406*v - 1032. What is h(-99)?
-42
Let x(v) = -15*v**2 - 2450*v + 58029. Calculate x(21).
-36
Let g(f) = 321493*f - 1285988. Determine g(4).
-16
Let k(o) = o**3 + 448*o + 1942. Calculate k(-4).
86
Let t(v) = v**2 - 21818*v - 196438. Calculate t(-9).
5
Let b(l) = -18*l**2 + 56*l - 12. Calculate b(6).
-324
Let f(r) = -r**3 + 27*r**2 - 102*r + 15. Give f(19).
965
Let w(j) = j**3 + 8*j**2 + 178*j + 1117. Give w(-7).
-80
Let o(t) = 3*t**2 + 4720*t - 1305584. Determine o(240).
16
Let j(h) = -h**3 + 28*h**2 + 497*h - 2660. What is j(39)?
-8
Let t(n) = -3*n**2 - 362*n - 1726. Determine t(-116).
-102
Let v(z) = z**3 - 26*z**2 + 95*z + 201. Determine v(22).
355
Let g(z) = -521*z**2 + 4519*z + 1534. Calculate g(9).
4
Let q(b) = 12*b**2 - 1555*b + 9287. What is q(6)?
389
Let c(l) = 294*l - 4025. Determine c(10).
-1085
Let u(h) = -444*h - 5020. Calculate u(-11).
-136
Let i(f) = 2*f**3 - 20*f**2 - 331*f - 965. Calculate i(-4).
-89
Let m(c) = -9111*c - 337106. What is m(-37)?
1
Let j(c) = 71*c + 501. What is j(15)?
1566
Let g(u) = 66*u**2 + 9373*u + 335. Calculate g(-142).
193
Let d(i) = -13*i**3 - 49*i**2 + 74*i + 221. What is d(-3)?
-91
Let v(w) = -w**3 + 8*w**2 + 133*w - 1739. Determine v(16).
-1659
Let a(s) = 3*s**2 - 551*s + 2536. Give a(179).
30
Let t(u) = u**3 - 100*u**2 + 727*u + 207. What is t(92)?
-621
Let h(w) = 1492*w + 4122. Give h(-3).
-354
Let i(k) = -k**3 + 262*k**2 - 2289*k + 3019. Calculate i(253).
-17
Let s(q) = 6*q**3 - q**2 + 312*q + 1500. Calculate s(-5).
-835
Let i(w) = 4517*w - 86040. Calculate i(19).
-217
Let j(x) = -5760*x**2 - 11508*x - 53. What is j(-2)?
-77
Let f(a) = -68*a**3 - 13*a**2 + 66*a + 19. What is f(-3)?
1540
Let v(a) = -2424*a + 24357. Give v(11).
-2307
Let f(p) = 4*p**3 - 75*p**2 - 337*p - 1119. What is f(23)?
123
Let w(m) = -1303*m - 12097. Give w(-10).
933
Let y(h) = -34*h**2 - 1753*h + 27. Determine y(-50).
2677
Let l(b) = b**3 - 31*b**2 + 214*b + 33. Determine l(11).
-33
Let a(i) = -2*i**3 + 55*i**2 - 358*i - 28. Give a(16).
132
Let b(s) = 83162*s - 2245358. Calculate b(27).
16
Let k(q) = 928*q + 20396. What is k(-23)?
-948
Let l(b) = -b**3 - 1093*b**2 - 258868*b - 2074. Determine l(-347).
8
Let s(f) = -249*f**2 - 109*f - 109. What is s(-1)?
-249
Let l(d) = d**3 - 113*d**2 + 519*d + 107. Determine l(5).
2
Let h(q) = -q**2 + 7082*q - 70715. Give h(10).
5
Let f(n) = -2*n**3 - 11*n**2 - 50*n + 89. What is f(-9)?
1106
Let g(w) = -w**3 + 22*w**2 + 11*w - 1681. Calculate g(17).
-49
Let a(y) = 7380*y - 952027. Give a(129).
-7
Let p(s) = 15*s**3 - 87*s**2 - 536*s + 3113. Give p(6).
5
Let t(q) = -2*q**3 - 58*q**2 + 303*q - 160. Give t(4).
-4
Let q(i) = -i**3 - 73*i**2 - 300*i + 2717. Determine q(-68).
-3
Let o(k) = -15579*k + 140223. What is o(9)?
12
Let h(v) = 162*v - 10. Give h(4).
638
Let c(b) = -430*b + 10428. Determine c(24).
108
Let s(u) = u**3 - 25*u**2 - 110*u - 1137. Determine s(30).
63
Let g(h) = 209*h - 13374. Determine g(71).
1465
Let z(l) = 13*l**3 - 31*l**2 + 113*l - 19. Calculate z(4).
769
Let y(a) = 6*a + 1866. Give y(-301).
60
Let d(x) = 32601*x + 8997857. Determine d(-276).
-19
Let b(v) = -85165*v - 255431. Determine b(-3).
64
Let b(n) = 30966*n + 216748. Give b(-7).
-14
Let o(h) = 2138*h - 79238. Calculate o(36).
-2270
Let q(v) = -2459*v + 64283. Determine q(26).
349
Let u(t) = -t**3 - 545*t**2 - 13609*t - 3004. What is u(-26)?
-14
Let x(n) = 303*n - 803. What is x(6)?
1015
Let x(f) = 5168*f + 5792. Give x(-1).
624
Let o(k) = 4*k**3 + 48*k**2 - 130*k - 325. What is o(-14)?
-73
Let w(i) = 104*i**2 - 1396*i + 528. What is w(13)?
-44
Let o(g) = 2876*g + 15000. What is o(-6)?
-2256
Let o(y) = 2*y**3 - 176*y**2 + 528*y + 274. Give o(85).
1804
Let i(c) = -6*c**2 - 27*c + 181. Calculate i(4).
-23
Let g(z) = 1436*z + 51029. Give g(-36).
-667
Let d(j) = 147*j**2 + 27158*j - 34213. Calculate d(-186).
11
Let w(j) = 4067*j - 30181. Determine w(7).
-1712
Let k(j) = -2*j**3 + 55*j**2 - 365*j - 162. What is k(15)?
-12
Let t(n) = 254*n + 40660. What is t(-160)?
20
Let u(v) = v**3 + 71*v**2 - 77*v - 6. What is u(-72)?
354
Let a(d) = -90*d**2 - 137*d + 73. What is a(-2)?
-13
Let n(v) = 17*v**2 - 3147*v + 74782. Give n(28).
-6
Let w(p) = p**2 - 2171*p - 77217. What is w(-35)?
-7
Let a(m) = 9380*m - 37602. Determine a(4).
-82
Let s(f) = f**3 - 146*f**2 + 566*f - 896. Give s(142).
-1180
Let j(p) = -56*p**3 - 449*p**2 - 433*p - 3361. Determine j(-8).
39
Let h(r) = 21*r**2 + 274*r - 38. Determine h(-12).
-302
Let t(i) = 256*i + 7172. What is t(-28)?
4
Let n(f) = -3*f**3 - 820*f**2 + 3204*f + 502972. Calculate n(-275).
-3
Let p(t) = 2053*t - 30918. Calculate p(16).
1930
Let j(u) = -u**2 + 1916*u + 90249. Determine j(-46).
-3
Let u(p) = 6*p**2 - 1121*p - 258. Give u(187).
-71
Let g(x) = -4*x**3 - 1636*x**2 - 1624*x + 3054. Calculate g(-408).
-210
Let h(y) = -4*y**3 + 7*y**2 + 778*y + 3975. Determine h(-5).
760
Let a(d) = 834*d - 76617. Give a(92).
111
Let u(x) = -2*x**2 - 166*x - 1656. Calculate u(-67).
488
Let y(p) = -p**3 + 1319*p**2 + 95*p - 125287. Calculate y(1319).
18
Let a(b) = 1878*b**3 - 2*b**2 + 20*b - 20. Give a(1).
1876
Let y(o) = 560*o - 34080. What is y(60)?
-480
Let n(d) = 54*d**2 + 654*d - 119. Determine n(-13).
505
Let q(i) = -2*i**3 + 38*i**2 + 646*i - 13204. Calculate q(22).
-1896
Let k(s) = -20429*s + 41355. What is k(2)?
497
Let l(i) = -125*i - 40669. Calculate l(-322).
-419
Let m(q) = q**2 + 964*q + 11411. What is m(-12)?
-13
Let x(b) = 21*b**2 - 385*b + 78. What is x(18)?
-48
Let w(f) = -4*f**3 + 49*f**2 - 354*f + 4093. What is w(12)?
-11
Let b(m) = -m**3 + 7*m**2 + 9*m - 41. Determine b(-14).
3949
Let w(u) = 2983365*u + 41767117. What is w(-14)?
7
Let h(s) = 28723*s - 114890. Give h(4).
2
Let x(o) = 12925*o - 297460. What is x(23)?
-185
Let n(t) = -2*t**3 - 7*t**2 + 27*t + 87. Give n(-7).
241
Let y(i) = 77*i**3 - 4293*i**2 + 3191*i - 59. Calculate y(55).
-4
Let l(d) = -2*d**3 + 8*d**2 + 1691*d - 8511. Give l(5).
-106
Let f(z) = -204127*z + 25720001. Give f(126).
-1
Let r(x) = 11*x**2 - 81*x + 383. Give r(6).
293
Let a(w) = 92*w**2 + 340*w - 90. Give a(-4).
22
Let b(s) = -1499*s**2 - 8971*s + 166. Calculate b(-6).
28
Let r(m) = 2*m**3 + 69*m**2 + 44*m - 934. Give r(-33).
881
Let q(j) = 27851*j - 334165. Give q(12).
47
Let q(v) = -18*v - 3190. Giv